69419078?
0
What is the hundred thousands digit of 58836666?
8
What is the hundred millions digit of 388703692?
3
What is the millions digit of 3463615441?
3
What is the thousands digit of 47310386?
0
What is the hundreds digit of 159630103?
1
What is the hundred millions digit of 637787929?
6
What is the thousands digit of 76411506?
1
What is the ten thousands digit of 75574679?
7
What is the hundred thousands digit of 2521629322?
6
What is the ten millions digit of 32744469?
3
What is the hundred thousands digit of 87853568?
8
What is the units digit of 90579870?
0
What is the units digit of 34986907?
7
What is the millions digit of 84669161?
4
What is the units digit of 5753826395?
5
What is the millions digit of 2651046321?
1
What is the hundreds digit of 2078192?
1
What is the thousands digit of 1368360175?
0
What is the billions digit of 1514900802?
1
What is the thousands digit of 9746660?
6
What is the tens digit of 281284433?
3
What is the tens digit of 3002818499?
9
What is the billions digit of 3332311225?
3
What is the units digit of 132048181?
1
What is the hundreds digit of 559405949?
9
What is the ten millions digit of 83295158?
8
What is the millions digit of 168870901?
8
What is the billions digit of 5580926399?
5
What is the thousands digit of 19572365?
2
What is the tens digit of 83952609?
0
What is the tens digit of 94480998?
9
What is the ten thousands digit of 41922249?
2
What is the ten millions digit of 50470786?
5
What is the hundreds digit of 5980987915?
9
What is the units digit of 25041403?
3
What is the millions digit of 370637706?
0
What is the units digit of 1535587992?
2
What is the units digit of 1684290990?
0
What is the millions digit of 444210437?
4
What is the tens digit of 2343963433?
3
What is the units digit of 38759857?
7
What is the hundreds digit of 21599279?
2
What is the hundreds digit of 115512287?
2
What is the millions digit of 1001239398?
1
What is the billions digit of 1568854364?
1
What is the millions digit of 7285212129?
5
What is the thousands digit of 2170154972?
4
What is the ten millions digit of 54187597?
5
What is the hundred thousands digit of 786510909?
5
What is the millions digit of 66270401?
6
What is the hundred thousands digit of 66202945?
2
What is the ten thousands digit of 247479486?
7
What is the hundreds digit of 723452200?
2
What is the hundred thousands digit of 111288463?
2
What is the thousands digit of 924036520?
6
What is the tens digit of 71597098?
9
What is the millions digit of 936284763?
6
What is the billions digit of 1937033826?
1
What is the ten thousands digit of 89427813?
2
What is the hundred millions digit of 356578356?
3
What is the ten thousands digit of 34611604?
1
What is the hundred thousands digit of 590574?
5
What is the hundred thousands digit of 2296837314?
8
What is the tens digit of 76375873?
7
What is the units digit of 1250039769?
9
What is the tens digit of 1068199860?
6
What is the tens digit of 954478423?
2
What is the thousands digit of 86458739?
8
What is the hundreds digit of 1788068863?
8
What is the ten millions digit of 21627970?
2
What is the units digit of 466434112?
2
What is the millions digit of 1000279686?
0
What is the ten millions digit of 67073220?
6
What is the ten millions digit of 338078906?
3
What is the ten thousands digit of 1197214180?
1
What is the hundred millions digit of 212909576?
2
What is the hundred thousands digit of 74595681?
5
What is the hundreds digit of 112583265?
2
What is the hundred millions digit of 179855354?
1
What is the hundred thousands digit of 37026211?
0
What is the ten millions digit of 95785163?
9
What is the thousands digit of 134266225?
6
What is the hundred millions digit of 1388472114?
3
What is the hundred millions digit of 175937154?
1
What is the units digit of 33371839?
9
What is the hundreds digit of 1106414961?
9
What is the hundreds digit of 665220324?
3
What is the hundred millions digit of 4764529945?
7
What is the millions digit of 9432495?
9
What is the hundred millions digit of 988193375?
9
What is the millions digit of 50797623?
0
What is the ten millions digit of 369018559?
6
What is the hundreds digit of 238316240?
2
What is the thousands digit of 42394970?
4
What is the ten thousands digit of 549245688?
4
What is the hundreds digit of 34005708?
7
What is the hundred millions digit of 873729430?
8
What is the ten millions digit of 45471430?
4
What is the hundred millions digit of 3194679339?
1
What is the hundred thousands digit of 598151244?
1
What is the ten millions digit of 42510328?
4
What is the thousands digit of 21692153?
2
What is the tens digit of 413710709?
0
What is the ten millions digit of 1611908176?
1
What is the thousands digit of 37572158?
2
What is the millions digit of 130206262?
0
What is the tens digit of 180480605?
0
What is the units digit of 693694738?
8
What is the thousands digit of 4640974359?
4
What is the tens digit of 7445031895?
9
What is the ten millions digit of 25289984?
2
What is the millions digit of 211617076?
1
What is the hundred thousands digit of 375835618?
8
What is the hundred thousands digit of 186052740?
0
What is the ten millions digit of 1350713817?
5
What is the hundred thousands digit of 8073628523?
6
What is the thousands digit of 268617498?
7
What is the thousands digit of 13853760?
3
What is the thousands digit of 11863130?
3
What is the hundreds digit of 639830106?
1
What is the tens digit of 2595142444?
4
What is the tens digit of 39711071?
7
What is the thousands digit of 347661067?
1
What is the tens digit of 74028071?
7
What is the hundreds digit of 24297501?
5
What is the tens digit of 535480284?
8
What is the units digit of 21504209?
9
What is the ten thousands digit of 75473329?
7
What is the thousands digit of 542506905?
6
What is the ten thousands digit of 447072341?
7
What is the millions digit of 140250945?
0
What is the hundreds digit of 2338076914?
9
What is the hundred thousands digit of 3101141318?
1
What is the thousands digit of 54453788?
3
What is the hundreds digit of 281618829?
8
What is the hundred thousands digit of 293118448?
1
What is the ten millions digit of 64077367?
6
What is the units digit of 512586260?
0
What is the hundreds digit of 162961932?
9
What is the ten millions digit of 42442415?
4
What is the tens digit of 561858884?
8
What is the ten millions digit of 378635712?
7
What is the tens digit of 384985782?
8
What is the hundreds digit of 50180857?
8
What is the thousands digit of 14891719?
1
What is the millions digit of 23924491?
3
What is the hundreds digit of 2985244301?
3
What is the hundreds digit of 21281746?
7
What is the ten thousands digit of 777880817?
8
What is the ten thousands digit of 31162022?
6
What is the units digit of 633292670?
0
What is the millions digit of 1429385998?
9
What is the ten millions digit of 99974872?
9
What is the hundreds digit of 719739509?
5
What is the tens digit of 199600733?
3
What is the millions digit of 54437843?
4
What is the ten millions digit of 43678111?
4
What is the millions digit of 39726296?
9
What is the ten thousands digit of 375486357?
8
What is the hundred thousands digit of 198130980?
1
What is the units digit of 53669568?
8
What is the hundred thousands digit of 136949316?
9
What is the ten thousands digit of 3701828?
0
What is the millions digit of 345642765?
5
What is the thousands digit of 49896572?
6
What is the tens digit of 171307902?
0
What is the hundred thousands digit of 31380882?
3
What is the hundred millions digit of 617176292?
6
What is the billions digit of 3997281159?
3
What is the units digit of 534229369?
9
What is the ten millions digit of 46081615?
4
What is the thousands digit of 31689920?
9
What is the ten thousands digit of 3804637?
0
What is the ten thousands digit of 356030913?
3
What is the millions digit of 99155999?
9
What is the millions digit of 569619793?
9
What is the ten thousands digit of 447112727?
1
What is the ten thousands digit of 553664735?
6
What is the hundred thousands digit of 1309210964?
2
What is the millions digit of 231851829?
1
What is the units digit of 36490623?
3
What is the tens digit of 38052211?
1
What is the hundred thousands digit of 13789753?
7
What is the units di